{"id":2949,"date":"2025-03-26T10:13:37","date_gmt":"2025-03-26T10:13:37","guid":{"rendered":"https:\/\/boa-escolha.pt\/?page_id=2949"},"modified":"2025-07-18T09:10:11","modified_gmt":"2025-07-18T09:10:11","slug":"entrevista","status":"publish","type":"page","link":"https:\/\/boa-escolha.pt\/index.php\/entrevista\/","title":{"rendered":"Entrevista"},"content":{"rendered":"\t\t<div data-elementor-type=\"wp-page\" data-elementor-id=\"2949\" class=\"elementor elementor-2949\">\n\t\t\t\t\t\t<section class=\"elementor-section elementor-top-section elementor-element elementor-element-7b2749f elementor-section-boxed elementor-section-height-default elementor-section-height-default\" data-id=\"7b2749f\" data-element_type=\"section\" data-e-type=\"section\">\n\t\t\t\t\t\t<div class=\"elementor-container elementor-column-gap-default\">\n\t\t\t\t\t<div class=\"elementor-column elementor-col-100 elementor-top-column elementor-element elementor-element-893ab58\" data-id=\"893ab58\" data-element_type=\"column\" data-e-type=\"column\">\n\t\t\t<div class=\"elementor-widget-wrap elementor-element-populated\">\n\t\t\t\t\t\t<div class=\"elementor-element elementor-element-563fb74 elementor-widget elementor-widget-spacer\" data-id=\"563fb74\" data-element_type=\"widget\" data-e-type=\"widget\" data-widget_type=\"spacer.default\">\n\t\t\t\t<div class=\"elementor-widget-container\">\n\t\t\t\t\t\t\t<div class=\"elementor-spacer\">\n\t\t\t<div class=\"elementor-spacer-inner\"><\/div>\n\t\t<\/div>\n\t\t\t\t\t\t<\/div>\n\t\t\t\t<\/div>\n\t\t\t\t\t<\/div>\n\t\t<\/div>\n\t\t\t\t\t<\/div>\n\t\t<\/section>\n\t\t\t\t<section class=\"elementor-section elementor-top-section elementor-element elementor-element-47b1335 elementor-section-boxed elementor-section-height-default elementor-section-height-default\" data-id=\"47b1335\" data-element_type=\"section\" data-e-type=\"section\">\n\t\t\t\t\t\t<div class=\"elementor-container elementor-column-gap-default\">\n\t\t\t\t\t<div class=\"elementor-column elementor-col-50 elementor-top-column elementor-element elementor-element-f51a635\" data-id=\"f51a635\" data-element_type=\"column\" data-e-type=\"column\">\n\t\t\t<div class=\"elementor-widget-wrap elementor-element-populated\">\n\t\t\t\t\t\t<div class=\"elementor-element elementor-element-5c1889d elementor-widget elementor-widget-heading\" data-id=\"5c1889d\" data-element_type=\"widget\" data-e-type=\"widget\" data-widget_type=\"heading.default\">\n\t\t\t\t<div class=\"elementor-widget-container\">\n\t\t\t\t\t<h2 class=\"elementor-heading-title elementor-size-default\">ENTREVISTAS DA BOA ESCOLHA 2025<\/h2>\t\t\t\t<\/div>\n\t\t\t\t<\/div>\n\t\t\t\t\t<\/div>\n\t\t<\/div>\n\t\t\t\t<div class=\"elementor-column elementor-col-50 elementor-top-column elementor-element elementor-element-a30cda1\" data-id=\"a30cda1\" data-element_type=\"column\" data-e-type=\"column\">\n\t\t\t<div class=\"elementor-widget-wrap elementor-element-populated\">\n\t\t\t\t\t\t<div class=\"elementor-element elementor-element-434ac97 elementor-widget elementor-widget-image\" data-id=\"434ac97\" data-element_type=\"widget\" data-e-type=\"widget\" data-widget_type=\"image.default\">\n\t\t\t\t<div class=\"elementor-widget-container\">\n\t\t\t\t\t\t\t\t\t\t\t\t\t\t\t<img fetchpriority=\"high\" decoding=\"async\" width=\"608\" height=\"890\" src=\"https:\/\/boa-escolha.pt\/wp-content\/uploads\/2025\/01\/Logo-BE-banner.svg\" class=\"attachment-large size-large wp-image-2901\" alt=\"\" \/>\t\t\t\t\t\t\t\t\t\t\t\t\t\t\t<\/div>\n\t\t\t\t<\/div>\n\t\t\t\t\t<\/div>\n\t\t<\/div>\n\t\t\t\t\t<\/div>\n\t\t<\/section>\n\t\t\t\t<section class=\"elementor-section elementor-top-section elementor-element elementor-element-00dbf9f elementor-section-boxed elementor-section-height-default elementor-section-height-default\" data-id=\"00dbf9f\" data-element_type=\"section\" data-e-type=\"section\">\n\t\t\t\t\t\t<div class=\"elementor-container elementor-column-gap-default\">\n\t\t\t\t\t<div class=\"elementor-column elementor-col-50 elementor-top-column elementor-element elementor-element-ccd23ce\" data-id=\"ccd23ce\" data-element_type=\"column\" data-e-type=\"column\">\n\t\t\t<div class=\"elementor-widget-wrap elementor-element-populated\">\n\t\t\t\t\t\t<div class=\"elementor-element elementor-element-b40d7af elementor-widget elementor-widget-image\" data-id=\"b40d7af\" data-element_type=\"widget\" data-e-type=\"widget\" data-widget_type=\"image.default\">\n\t\t\t\t<div class=\"elementor-widget-container\">\n\t\t\t\t\t\t\t\t\t\t\t\t\t\t\t\t<a href=\"https:\/\/boa-escolha.pt\/index.php\/2025\/03\/26\/procurarmos-assegurar-transparencia-simplicidade-e-flexibilidade-atraves-de-processos-intuitivos-que-facilitam-o-acesso-as-nossas-solucoes-321-credito\/\">\n\t\t\t\t\t\t\t<img decoding=\"async\" width=\"790\" height=\"548\" src=\"https:\/\/boa-escolha.pt\/wp-content\/uploads\/2025\/03\/Entrevista-321credito-1.jpg\" class=\"attachment-full size-full wp-image-2953\" alt=\"\" srcset=\"https:\/\/boa-escolha.pt\/wp-content\/uploads\/2025\/03\/Entrevista-321credito-1.jpg 790w, https:\/\/boa-escolha.pt\/wp-content\/uploads\/2025\/03\/Entrevista-321credito-1-300x208.jpg 300w, https:\/\/boa-escolha.pt\/wp-content\/uploads\/2025\/03\/Entrevista-321credito-1-768x533.jpg 768w\" sizes=\"(max-width: 790px) 100vw, 790px\" \/>\t\t\t\t\t\t\t\t<\/a>\n\t\t\t\t\t\t\t\t\t\t\t\t\t\t\t<\/div>\n\t\t\t\t<\/div>\n\t\t\t\t\t<\/div>\n\t\t<\/div>\n\t\t\t\t<div class=\"elementor-column elementor-col-50 elementor-top-column elementor-element elementor-element-a351afb\" data-id=\"a351afb\" data-element_type=\"column\" data-e-type=\"column\">\n\t\t\t<div class=\"elementor-widget-wrap elementor-element-populated\">\n\t\t\t\t\t\t<div class=\"elementor-element elementor-element-a0db576 elementor-widget elementor-widget-heading\" data-id=\"a0db576\" data-element_type=\"widget\" data-e-type=\"widget\" data-widget_type=\"heading.default\">\n\t\t\t\t<div class=\"elementor-widget-container\">\n\t\t\t\t\t<h2 class=\"elementor-heading-title elementor-size-default\">321 Cr\u00e9dito<\/h2>\t\t\t\t<\/div>\n\t\t\t\t<\/div>\n\t\t\t\t<div class=\"elementor-element elementor-element-663582c elementor-widget__width-initial elementor-widget elementor-widget-text-editor\" data-id=\"663582c\" data-element_type=\"widget\" data-e-type=\"widget\" data-widget_type=\"text-editor.default\">\n\t\t\t\t<div class=\"elementor-widget-container\">\n\t\t\t\t\t\t\t\t\t<p>\u201cProcurarmos assegurar transpar\u00eancia, simplicidade e flexibilidade atrav\u00e9s de processos intuitivos que facilitam o acesso \u00e0s nossas solu\u00e7\u00f5es.\u201d<\/p>\t\t\t\t\t\t\t\t<\/div>\n\t\t\t\t<\/div>\n\t\t\t\t<div class=\"elementor-element elementor-element-f3b5866 elementor-widget__width-initial elementor-widget elementor-widget-text-editor\" data-id=\"f3b5866\" data-element_type=\"widget\" data-e-type=\"widget\" data-widget_type=\"text-editor.default\">\n\t\t\t\t<div class=\"elementor-widget-container\">\n\t\t\t\t\t\t\t\t\t<p><b>Hugo Marinho &#8211; <\/b>Diretor Geral<\/p>\t\t\t\t\t\t\t\t<\/div>\n\t\t\t\t<\/div>\n\t\t\t\t<div class=\"elementor-element elementor-element-d2eaa28 elementor-button-info elementor-align-left elementor-widget elementor-widget-button\" data-id=\"d2eaa28\" data-element_type=\"widget\" data-e-type=\"widget\" data-widget_type=\"button.default\">\n\t\t\t\t<div class=\"elementor-widget-container\">\n\t\t\t\t\t\t\t\t\t<div class=\"elementor-button-wrapper\">\n\t\t\t\t\t<a class=\"elementor-button elementor-button-link elementor-size-sm\" href=\"https:\/\/boa-escolha.pt\/index.php\/2025\/03\/26\/procurarmos-assegurar-transparencia-simplicidade-e-flexibilidade-atraves-de-processos-intuitivos-que-facilitam-o-acesso-as-nossas-solucoes-321-credito\/\">\n\t\t\t\t\t\t<span class=\"elementor-button-content-wrapper\">\n\t\t\t\t\t\t\t\t\t<span class=\"elementor-button-text\">LER MAIS<\/span>\n\t\t\t\t\t<\/span>\n\t\t\t\t\t<\/a>\n\t\t\t\t<\/div>\n\t\t\t\t\t\t\t\t<\/div>\n\t\t\t\t<\/div>\n\t\t\t\t\t<\/div>\n\t\t<\/div>\n\t\t\t\t\t<\/div>\n\t\t<\/section>\n\t\t\t\t<section class=\"elementor-section elementor-top-section elementor-element elementor-element-1d52523 elementor-section-boxed elementor-section-height-default elementor-section-height-default\" data-id=\"1d52523\" data-element_type=\"section\" data-e-type=\"section\">\n\t\t\t\t\t\t<div class=\"elementor-container elementor-column-gap-default\">\n\t\t\t\t\t<div class=\"elementor-column elementor-col-50 elementor-top-column elementor-element elementor-element-97a8a73\" data-id=\"97a8a73\" data-element_type=\"column\" data-e-type=\"column\">\n\t\t\t<div class=\"elementor-widget-wrap elementor-element-populated\">\n\t\t\t\t\t\t<div class=\"elementor-element elementor-element-27bbb35 elementor-widget elementor-widget-image\" data-id=\"27bbb35\" data-element_type=\"widget\" data-e-type=\"widget\" data-widget_type=\"image.default\">\n\t\t\t\t<div class=\"elementor-widget-container\">\n\t\t\t\t\t\t\t\t\t\t\t\t\t\t\t\t<a href=\"https:\/\/boa-escolha.pt\/index.php\/2025\/03\/27\/oferecemos-um-servico-personalizado-com-aconselhamento-especializado-e-imparcial-para-que-cada-cliente-possa-escolher-a-solucao-que-melhor-se-adequa-as-suas-necessidades-e-ao-seu-perfil-fin\/\">\n\t\t\t\t\t\t\t<img decoding=\"async\" width=\"790\" height=\"548\" src=\"https:\/\/boa-escolha.pt\/wp-content\/uploads\/2025\/03\/consumertrends-BE.jpg\" class=\"attachment-full size-full wp-image-2975\" alt=\"\" srcset=\"https:\/\/boa-escolha.pt\/wp-content\/uploads\/2025\/03\/consumertrends-BE.jpg 790w, https:\/\/boa-escolha.pt\/wp-content\/uploads\/2025\/03\/consumertrends-BE-300x208.jpg 300w, https:\/\/boa-escolha.pt\/wp-content\/uploads\/2025\/03\/consumertrends-BE-768x533.jpg 768w\" sizes=\"(max-width: 790px) 100vw, 790px\" \/>\t\t\t\t\t\t\t\t<\/a>\n\t\t\t\t\t\t\t\t\t\t\t\t\t\t\t<\/div>\n\t\t\t\t<\/div>\n\t\t\t\t\t<\/div>\n\t\t<\/div>\n\t\t\t\t<div class=\"elementor-column elementor-col-50 elementor-top-column elementor-element elementor-element-c63ddee\" data-id=\"c63ddee\" data-element_type=\"column\" data-e-type=\"column\">\n\t\t\t<div class=\"elementor-widget-wrap elementor-element-populated\">\n\t\t\t\t\t\t<div class=\"elementor-element elementor-element-e246a60 elementor-widget elementor-widget-heading\" data-id=\"e246a60\" data-element_type=\"widget\" data-e-type=\"widget\" data-widget_type=\"heading.default\">\n\t\t\t\t<div class=\"elementor-widget-container\">\n\t\t\t\t\t<h2 class=\"elementor-heading-title elementor-size-default\">AMCO<\/h2>\t\t\t\t<\/div>\n\t\t\t\t<\/div>\n\t\t\t\t<div class=\"elementor-element elementor-element-08c6ec5 elementor-widget__width-initial elementor-widget elementor-widget-text-editor\" data-id=\"08c6ec5\" data-element_type=\"widget\" data-e-type=\"widget\" data-widget_type=\"text-editor.default\">\n\t\t\t\t<div class=\"elementor-widget-container\">\n\t\t\t\t\t\t\t\t\t<p>\u201cOferecemos um servi\u00e7o personalizado, com aconselhamento especializado e imparcial, para que cada cliente possa escolher a solu\u00e7\u00e3o que melhor se adequa \u00e0s suas necessidades e ao seu perfil financeiro\u201d<\/p>\t\t\t\t\t\t\t\t<\/div>\n\t\t\t\t<\/div>\n\t\t\t\t<div class=\"elementor-element elementor-element-c1da585 elementor-widget__width-initial elementor-widget elementor-widget-text-editor\" data-id=\"c1da585\" data-element_type=\"widget\" data-e-type=\"widget\" data-widget_type=\"text-editor.default\">\n\t\t\t\t<div class=\"elementor-widget-container\">\n\t\t\t\t\t\t\t\t\t<p><strong>Altino Os\u00f3rio &#8211; <\/strong>CEO<\/p>\t\t\t\t\t\t\t\t<\/div>\n\t\t\t\t<\/div>\n\t\t\t\t<div class=\"elementor-element elementor-element-4e2d440 elementor-button-info elementor-align-left elementor-widget elementor-widget-button\" data-id=\"4e2d440\" data-element_type=\"widget\" data-e-type=\"widget\" data-widget_type=\"button.default\">\n\t\t\t\t<div class=\"elementor-widget-container\">\n\t\t\t\t\t\t\t\t\t<div class=\"elementor-button-wrapper\">\n\t\t\t\t\t<a class=\"elementor-button elementor-button-link elementor-size-sm\" href=\"https:\/\/boa-escolha.pt\/index.php\/2025\/03\/27\/oferecemos-um-servico-personalizado-com-aconselhamento-especializado-e-imparcial-para-que-cada-cliente-possa-escolher-a-solucao-que-melhor-se-adequa-as-suas-necessidades-e-ao-seu-perfil-fin\/\">\n\t\t\t\t\t\t<span class=\"elementor-button-content-wrapper\">\n\t\t\t\t\t\t\t\t\t<span class=\"elementor-button-text\">LER MAIS<\/span>\n\t\t\t\t\t<\/span>\n\t\t\t\t\t<\/a>\n\t\t\t\t<\/div>\n\t\t\t\t\t\t\t\t<\/div>\n\t\t\t\t<\/div>\n\t\t\t\t\t<\/div>\n\t\t<\/div>\n\t\t\t\t\t<\/div>\n\t\t<\/section>\n\t\t\t\t<section class=\"elementor-section elementor-top-section elementor-element elementor-element-33ba40f elementor-section-boxed elementor-section-height-default elementor-section-height-default\" data-id=\"33ba40f\" data-element_type=\"section\" data-e-type=\"section\">\n\t\t\t\t\t\t<div class=\"elementor-container elementor-column-gap-default\">\n\t\t\t\t\t<div class=\"elementor-column elementor-col-50 elementor-top-column elementor-element elementor-element-5d9e9e3\" data-id=\"5d9e9e3\" data-element_type=\"column\" data-e-type=\"column\">\n\t\t\t<div class=\"elementor-widget-wrap elementor-element-populated\">\n\t\t\t\t\t\t<div class=\"elementor-element elementor-element-945c47f elementor-widget elementor-widget-image\" data-id=\"945c47f\" data-element_type=\"widget\" data-e-type=\"widget\" data-widget_type=\"image.default\">\n\t\t\t\t<div class=\"elementor-widget-container\">\n\t\t\t\t\t\t\t\t\t\t\t\t\t\t\t\t<a href=\"https:\/\/boa-escolha.pt\/index.php\/2025\/07\/18\/a-formacao-e-fundamental-para-a-manutencao-e-reparacao-de-veiculos-eletrificados-bosch-car-service\/\">\n\t\t\t\t\t\t\t<img loading=\"lazy\" decoding=\"async\" width=\"790\" height=\"548\" src=\"https:\/\/boa-escolha.pt\/wp-content\/uploads\/2025\/07\/Entrevista-Bosch-Car-Service.png\" class=\"attachment-full size-full wp-image-2997\" alt=\"\" srcset=\"https:\/\/boa-escolha.pt\/wp-content\/uploads\/2025\/07\/Entrevista-Bosch-Car-Service.png 790w, https:\/\/boa-escolha.pt\/wp-content\/uploads\/2025\/07\/Entrevista-Bosch-Car-Service-300x208.png 300w, https:\/\/boa-escolha.pt\/wp-content\/uploads\/2025\/07\/Entrevista-Bosch-Car-Service-768x533.png 768w\" sizes=\"(max-width: 790px) 100vw, 790px\" \/>\t\t\t\t\t\t\t\t<\/a>\n\t\t\t\t\t\t\t\t\t\t\t\t\t\t\t<\/div>\n\t\t\t\t<\/div>\n\t\t\t\t\t<\/div>\n\t\t<\/div>\n\t\t\t\t<div class=\"elementor-column elementor-col-50 elementor-top-column elementor-element elementor-element-ae4364c\" data-id=\"ae4364c\" data-element_type=\"column\" data-e-type=\"column\">\n\t\t\t<div class=\"elementor-widget-wrap elementor-element-populated\">\n\t\t\t\t\t\t<div class=\"elementor-element elementor-element-7d47628 elementor-widget elementor-widget-heading\" data-id=\"7d47628\" data-element_type=\"widget\" data-e-type=\"widget\" data-widget_type=\"heading.default\">\n\t\t\t\t<div class=\"elementor-widget-container\">\n\t\t\t\t\t<h2 class=\"elementor-heading-title elementor-size-default\">Bosch Car Service<\/h2>\t\t\t\t<\/div>\n\t\t\t\t<\/div>\n\t\t\t\t<div class=\"elementor-element elementor-element-235631e elementor-widget__width-initial elementor-widget elementor-widget-text-editor\" data-id=\"235631e\" data-element_type=\"widget\" data-e-type=\"widget\" data-widget_type=\"text-editor.default\">\n\t\t\t\t<div class=\"elementor-widget-container\">\n\t\t\t\t\t\t\t\t\t<p>\u201cA forma\u00e7\u00e3o \u00e9 fundamental para a manuten\u00e7\u00e3o e repara\u00e7\u00e3o de ve\u00edculos eletrificados.&#8221;<\/p>\t\t\t\t\t\t\t\t<\/div>\n\t\t\t\t<\/div>\n\t\t\t\t<div class=\"elementor-element elementor-element-ee4d236 elementor-widget__width-initial elementor-widget elementor-widget-text-editor\" data-id=\"ee4d236\" data-element_type=\"widget\" data-e-type=\"widget\" data-widget_type=\"text-editor.default\">\n\t\t\t\t<div class=\"elementor-widget-container\">\n\t\t\t\t\t\t\t\t\t<p><strong>Eva Moreno &#8211; Channel Marketing Manager<\/strong><\/p>\t\t\t\t\t\t\t\t<\/div>\n\t\t\t\t<\/div>\n\t\t\t\t<div class=\"elementor-element elementor-element-bffb1ce elementor-button-info elementor-align-left elementor-widget elementor-widget-button\" data-id=\"bffb1ce\" data-element_type=\"widget\" data-e-type=\"widget\" data-widget_type=\"button.default\">\n\t\t\t\t<div class=\"elementor-widget-container\">\n\t\t\t\t\t\t\t\t\t<div class=\"elementor-button-wrapper\">\n\t\t\t\t\t<a class=\"elementor-button elementor-button-link elementor-size-sm\" href=\"https:\/\/boa-escolha.pt\/index.php\/2025\/07\/18\/a-formacao-e-fundamental-para-a-manutencao-e-reparacao-de-veiculos-eletrificados-bosch-car-service\/\">\n\t\t\t\t\t\t<span class=\"elementor-button-content-wrapper\">\n\t\t\t\t\t\t\t\t\t<span class=\"elementor-button-text\">LER MAIS<\/span>\n\t\t\t\t\t<\/span>\n\t\t\t\t\t<\/a>\n\t\t\t\t<\/div>\n\t\t\t\t\t\t\t\t<\/div>\n\t\t\t\t<\/div>\n\t\t\t\t\t<\/div>\n\t\t<\/div>\n\t\t\t\t\t<\/div>\n\t\t<\/section>\n\t\t\t\t<\/div>\n\t\t","protected":false},"excerpt":{"rendered":"<p>ENTREVISTAS DA BOA ESCOLHA 2025 321 Cr\u00e9dito \u201cProcurarmos assegurar transpar\u00eancia, simplicidade e flexibilidade atrav\u00e9s de processos intuitivos que facilitam o acesso \u00e0s nossas solu\u00e7\u00f5es.\u201d Hugo Marinho &#8211; Diretor Geral LER MAIS AMCO \u201cOferecemos um servi\u00e7o personalizado, com aconselhamento especializado e imparcial, para que cada cliente possa escolher a solu\u00e7\u00e3o que melhor se adequa \u00e0s suas [&hellip;]<\/p>\n","protected":false},"author":4,"featured_media":0,"parent":0,"menu_order":0,"comment_status":"closed","ping_status":"closed","template":"elementor_header_footer","meta":{"site-sidebar-layout":"no-sidebar","site-content-layout":"page-builder","ast-site-content-layout":"full-width-container","site-content-style":"default","site-sidebar-style":"default","ast-global-header-display":"","ast-banner-title-visibility":"","ast-main-header-display":"","ast-hfb-above-header-display":"","ast-hfb-below-header-display":"","ast-hfb-mobile-header-display":"","site-post-title":"disabled","ast-breadcrumbs-content":"","ast-featured-img":"disabled","footer-sml-layout":"","ast-disable-related-posts":"","theme-transparent-header-meta":"","adv-header-id-meta":"","stick-header-meta":"","header-above-stick-meta":"","header-main-stick-meta":"","header-below-stick-meta":"","astra-migrate-meta-layouts":"set","ast-page-background-enabled":"default","ast-page-background-meta":{"desktop":{"background-color":"","background-image":"","background-repeat":"repeat","background-position":"center center","background-size":"auto","background-attachment":"scroll","background-type":"","background-media":"","overlay-type":"","overlay-color":"","overlay-opacity":"","overlay-gradient":""},"tablet":{"background-color":"","background-image":"","background-repeat":"repeat","background-position":"center center","background-size":"auto","background-attachment":"scroll","background-type":"","background-media":"","overlay-type":"","overlay-color":"","overlay-opacity":"","overlay-gradient":""},"mobile":{"background-color":"","background-image":"","background-repeat":"repeat","background-position":"center center","background-size":"auto","background-attachment":"scroll","background-type":"","background-media":"","overlay-type":"","overlay-color":"","overlay-opacity":"","overlay-gradient":""}},"ast-content-background-meta":{"desktop":{"background-color":"var(--ast-global-color-5)","background-image":"","background-repeat":"repeat","background-position":"center center","background-size":"auto","background-attachment":"scroll","background-type":"","background-media":"","overlay-type":"","overlay-color":"","overlay-opacity":"","overlay-gradient":""},"tablet":{"background-color":"var(--ast-global-color-5)","background-image":"","background-repeat":"repeat","background-position":"center center","background-size":"auto","background-attachment":"scroll","background-type":"","background-media":"","overlay-type":"","overlay-color":"","overlay-opacity":"","overlay-gradient":""},"mobile":{"background-color":"var(--ast-global-color-5)","background-image":"","background-repeat":"repeat","background-position":"center center","background-size":"auto","background-attachment":"scroll","background-type":"","background-media":"","overlay-type":"","overlay-color":"","overlay-opacity":"","overlay-gradient":""}},"footnotes":""},"class_list":["post-2949","page","type-page","status-publish","hentry"],"_links":{"self":[{"href":"https:\/\/boa-escolha.pt\/index.php\/wp-json\/wp\/v2\/pages\/2949","targetHints":{"allow":["GET"]}}],"collection":[{"href":"https:\/\/boa-escolha.pt\/index.php\/wp-json\/wp\/v2\/pages"}],"about":[{"href":"https:\/\/boa-escolha.pt\/index.php\/wp-json\/wp\/v2\/types\/page"}],"author":[{"embeddable":true,"href":"https:\/\/boa-escolha.pt\/index.php\/wp-json\/wp\/v2\/users\/4"}],"replies":[{"embeddable":true,"href":"https:\/\/boa-escolha.pt\/index.php\/wp-json\/wp\/v2\/comments?post=2949"}],"version-history":[{"count":16,"href":"https:\/\/boa-escolha.pt\/index.php\/wp-json\/wp\/v2\/pages\/2949\/revisions"}],"predecessor-version":[{"id":3004,"href":"https:\/\/boa-escolha.pt\/index.php\/wp-json\/wp\/v2\/pages\/2949\/revisions\/3004"}],"wp:attachment":[{"href":"https:\/\/boa-escolha.pt\/index.php\/wp-json\/wp\/v2\/media?parent=2949"}],"curies":[{"name":"wp","href":"https:\/\/api.w.org\/{rel}","templated":true}]}}